lculate -5 + 2 + 4 - 0 - 2.
-1
Calculate (-24 - -11) + 9 + -1.
-5
What is (6 + -2 - 3) + -5?
-4
What is the value of 5 + 0 + -1 + -67 + 65?
2
Evaluate (-1 - -9) + (4 - (18 - 11)).
5
-4 - (-5 + 9 - 11)
3
What is 3 + -6 + (3 + 1 - 6)?
-5
Evaluate 5 - (-5 + 7) - 5.
-2
What is -68 + 68 + 0 + 5?
5
What is (-1 - -6) + 2 + -4 + -11?
-8
Calculate 2 + -2 - 6 - (-4 - 4).
2
What is 0 + (-5 - 0) - (2 - 5)?
-2
What is (0 - -2 - (18 + -21)) + -6?
-1
What is the value of 1 + (0 + -3 + -1 - -1)?
-2
-2 - -3 - (1 + 0)
0
Evaluate -1 + 2 + -5 - 1.
-5
What is (2 - 5) + 2 - (3 - -1)?
-5
Evaluate -5 - ((-11 - -7) + 3).
-4
What is the value of -3 + (2 - 2) - 0?
-3
What is -4 - -1 - (-4 + 1)?
0
(2 - 0) + 8 + -8
2
What is (7 - 10) + -1 + 3 + 4?
3
What is the value of 63 - 58 - (5 - 0)?
0
Calculate -9 + (1 - (-5 - 3)).
0
Calculate -13 - -12 - (2 - (-1 + 2)).
-2
Calculate 15 + -13 - (0 - 1).
3
Calculate 4 + (7 + -12 - 6).
-7
What is the value of 1 - (-2 - 2 - -3)?
2
Calculate (4 - 1) + -6 + 1 + 0.
-2
(1 - -2) + 1 + (0 - 0)
4
Calculate (-1 - -9) + 6 + -22.
-8
What is the value of -8 - (-2 + (7 - 9) - 9)?
5
What is the value of -12 - (44 - 47 - (1 + 0))?
-8
Evaluate 11 - (1 - -8) - (-7 - -1).
8
What is 3 + 1 - (-29 - (-39 - -13))?
7
What is the value of -16 + 8 + 2 - -10?
4
What is the value of 5 + (-15 - (1 - 7))?
-4
Evaluate 7 - (0 + -4 + 7).
4
Calculate -6 - (16 - 13 - (13 - -1)).
5
Evaluate -7 - -14 - (-12 - -25).
-6
Evaluate 5 + -3 - (2 + -1 + 3).
-2
Calculate -20 + 25 + (-1 - 2).
2
What is the value of -3 + 3 + (8 + -10 - -9)?
7
What is the value of 7 + 0 + -5 + -5?
-3
Calculate (-1 - -4 - 2) + (38 - 42).
-3
Calculate 6 + (-14 - 2) + 7.
-3
Calculate -9 - ((3 - 10) + -9).
7
Calculate (-13 - (-34 - -16)) + -1 + -3.
1
What is the value of -5 + 3 + 4 - (-39 + 39)?
2
(-2 - -10) + (9 - 23)
-6
-8 + (2 - -1) + 0 - -3
-2
Calculate -1 - 2 - (3 + -3) - -2.
-1
What is -4 + -3 + 14 + -1?
6
What is -2 - (3 - 19) - (-1 - -5)?
10
Calculate 28 - 33 - (0 - 3 - -3).
-5
What is the value of 3 + (9 - 11 - 8)?
-7
Calculate 9 + (-1 + -1 - 0).
7
Calculate -3 + 7 + (5 - 6) - 4.
-1
4 + -7 + (4 - 3) + -5
-7
Evaluate -3 - (-7 - -4) - -5.
5
7 + -10 + 5 - 1
1
Evaluate 2 + -5 - (-14 - -5).
6
What is (2 - -1) + -1 - (-75 - -81)?
-4
Evaluate -13 + 9 - (0 - 0).
-4
What is the value of -5 + 2 + -4 + 4?
-3
Evaluate (4 - 6) + -3 + 12 + -5.
2
What is 2 + -7 + (-1 - -5)?
-1
Calculate -2 + 6 + 0 + -6.
-2
-2 - 3 - -16 - 8
3
What is the value of 1 + 0 + (3 - 3) + 2?
3
Evaluate -2 - 10 - (-9 + 10 + -7).
-6
Evaluate 9 + 0 + -2 + -9.
-2
What is 3 + -3 - -2 - 3?
-1
Evaluate (0 - -2) + 2 + -1 + -12.
-9
Evaluate (4 - (0 - -1)) + (-2 - 0).
1
Evaluate 5 - 7 - (-1 + -1).
0
What is -1 + 1 + 0 + -1 + 4?
3
-3 + (4 - 0 - 0 - -1)
2
What is the value of -6 + -11 + 5 + 11?
-1
-8 - -14 - (10 + -1)
-3
Calculate -3 + 7 + -5 + 5.
4
Evaluate (-11 - 0) + 11 - -2.
2
7 + (11 + 2 - 26)
-6
Calculate 57 - 75 - (-6 + -1).
-11
Calculate -3 + (2 - 5) - -12.
6
Calculate 4 + (-1 - (3 + 1 + 2)).
-3
Evaluate 7 + -16 + 5 + -1.
-5
What is 7 + 4 + -9 + 3 - 8?
-3
Evaluate (-4 - -3) + (1 - -5).
5
What is -4 - (2 + (-2 - 0))?
-4
Evaluate -4 + (5 - (-2 - -1) - -1).
3
What is 3 + -1 + -3 + 9 + -1?
7
What is the value of 2 - 0 - (3 + -7) - 4?
2
(2 - -4) + (3 + 0 - 9)
0
What is -13 - (10 - 24) - (0 - -3)?
-2
Evaluate 3 + (8 - (-8 - -20)).
-1
(-1 - -1) + -1 + 32 + -28
3
Evaluate -7 + 15 + -11 + -1.
-4
Evaluate -11 - -8 - (2 - 8) - -2.
5
What is the value of 8 - (-5 - -11) - -1?
3
What is the value of 9 + (-8 - 1) - -6?
6
Calculate (-2 + 3 - -2) + 2.
5
What is the value of (4 + -2 - 4) + (18 - 9)?
7
Calculate -2 + (6 - (1 + 0)).
3
What is 7 + -7 + 5 + 0 - 5?
0
What is the value of 3 - (4 - 1 - (4 - 1))?
3
Calculate -1 + -5 - (16 + -16) - 0.
-6
What is the value of (-1 - -2) + 1 + -7 + 9?
4
Evaluate -40 - -37 - (-1 + 1 + -3).
0
Calculate -1 - (-3 - (-2 - -4) - -3).
1
Evaluate 0 + 7 + (-17 - -13).
3
Evaluate ((-4 - -13) + -6 - -2) + 1.
6
What is -10 + 13 + 0 + 2?
5
Evaluate -1 + 6 + -6 + -6 - -5.
-2
10 + -13 + 1 + 1 - -3
2
Calculate -2 + 5 + -3 + 0 + 2.
2
-3 + -2 + 13 + -2
6
What is the value of (-54 - -54) + (-6 - (1 - 2))?
-5
What is the value of 2 - 0 - -2 - 0?
4
(0 - 3) + (8 + -6 - 0)
-1
Calculate (-2 - (5 - 11 - -5)) + -6.
-7
Evaluate (2 - -1) + (1 - (0 - -2)).
2
Calculate -5 - (8 + -14 + 2) - 8.
-9
What is -4 + 4 + -1 - 0 - -3?
2
-2 + 4 + -10 + 4 + 5
1
Calculate 3 + -4 + -3 + 6.
2
What is the value of -4 + 10 - (0 + 2)?
4
Evaluate 1 - (3 + -3) - (10 + -2).
-7
Evaluate 0 - 9 - (-53 + 38).
6
What is -1 - -11 - ((-11 - -14) + 4)?
3
What is -10 - (2 - -3 - 16)?
1
Evaluate -2 + (3 - (-2 - -5)).
-2
What is the value of -37 - -37 - (1 + 6)?
-7
(-3 - 10) + 2 + 4 - -3
-4
What is 14 - 13 - (6 + -1)?
-4
What is 2 + 0 + (-9 + 2 - -4)?
-1
Calculate (-1 - -3) + 2 - (3 + 1).
0
What is the value of 3 + (-8 - -2) + 1 + -8?
-10
Evaluate (-1 + 8 - 10) + 8.
5
Evaluate 0 - (-5 - (-8 - -4) - 3).
4
Calculate (0 - 0) + (3 - (-2 + 3)).
2
What is -2 + 2 - (-6 - -3)?
3
(3 - -2) + -8 + -2 + 7
2
Evaluate (-8 - (-5 + 3)) + 5.
-1
What is -4 - -2 - (1 + -1)?
-2
Calculate -1 + -3 + 8 - (-2 - -2).
4
What is (-5 - -9) + -8 - (-1 - 5)?
2
Evaluate (1 - -4) + (5 - 5).
5
What is (-90 - -97) + -3 + 0 + 0?
4
Evaluate -2 - 2 - (1 + -2) - -8.
5
Calculate 15 - 9 - 5 - (-2 - -11).
-8
(7 + -4 + 2 - 5) + -3
-3
Calculate (0 - (-2 - 1)) + 1 + -3.
1
Evaluate -2 + 0 + (-7 - -6) + -1.
-4
Evaluate 8 - (-2 - (-2 + -2)).
6
(-5 - 1) + (-4 - (-3 - 3))
-4
What is 0 - (10 + (-1 - (-4 - -7)))?
-6
What is (0 - -3) + -2 + 2 + -1?
2
What is -6 + 3 - (0 - -2)?
-5
Calculate 1 + (3 - (1 + (-2 - -2))).
3
-8 + -7 + (5 - -3)
-7
What is the value of 6 - (0 + 3) - -1?
4
Calculate -12 + -5 - -10 - (0 + -1).
-6
(3 - 1) + -6 + 3
-1
Calculate 2 - (23 + -23 + 9 + 0).
-7
What is -1 + 2 - (46 + -38)?
-7
What is the value of -7 + (1 - -8) + (-1 - 4)?
-3
What is 7 + -2 - (10 + -8 - 0)?
3
Calculate -2 + 3 + 1 + -3 + 0.
-1
What is the value of 2 + 6 + (-2 - 5)?
1
What is the value of 6 + 2 - 15 - -5?
-2
Calculate -3 + 1 - (23 + -24).
-1
Evaluate 6 - (-2 + 9 + -4).
3
What is 0 - ((2 - 6) + 12 - 3)?
-5
What is 5 + (-2 - -1) - 0?
4
What is (-1 + 5 - 2) + 2?
4
What is -8 - -1 - (18 - 21)?
-4
Evaluate 7 + (0 + -1 - -6) + -5.
7
What is 3 + -6 - (2 + -5 + 0)?
0
Calculate (-4 - -9) + -8 - -7.
4
What is (-3 - -7) + (3 + -3 - 3)?
1
Evaluate (-10 - -7) + 5 + -8.
-6
What is (-6 - -3) + -3 + 3?
-3
Evaluate -2 + 11 + -4 + -7.
-2
What is the value of -4 + (-1 + -3 - -2) - -7?
1
Calculate 2 + 2 + (-4 - -7 - 6).
1
5 + -1 + -4 + 3
3
What is 10 + 0 + 1 - (-4 - -7)?
8
Evaluate -5 + -2 + 9 - 2.
0
-12 + 3 + 5 + (-2 - -2)
-4
Calculate -8 + 4 + (-1 + 8 - 0).
3
(2 - (-1 - -6)) + 15 + -17
-5
Calculate 4 - -1 - (8 - 4).
1
What is -4 + 0 + 3 + 1 - 3?
-3
What is (2 - (1 + -2) - 1) + -7?
-5
Calculate -4 + (2 - (2 - 0)) + 2.
-2
What is 4 + (-2 - 0) - (10 - 3)?
-5
What is the value of 3 - (3 - 2) - 6?
-4
Calculate 34 + -35 + 2 + -2.
-1
4 - (-9 + 4 - (0 - 3))
6
What is the value of 3 + -4 + (-3 - -4)?
0
What is 0 + -1 + (29 - 31) - 2?
-5
-6 + 1 + -10 + 10
-5
What is 3 - ((5 - 2) + -2)?
2
What is the value of (-7 - 4) + 1 + 14 + -10?
-6
What is -10 + (25 - 10) - -5?
10
What is -3 - -1 - (-3 + 8 - 4)?
-3
Calculate -1 + 2 + (2 - 2).
1
Calculate (7 - 4) + 4 + -4.
3
What is the value of 1 + -17 + 91 + -85 + 3?
-7
What is the value of 1 + (-3 - (-3 + 5)) + 1?
-3
What is 1 - (-7 + (-5 - -10) + -3)?
6
Evaluate 103 + -111 - (-2 + -7).
1
Evaluate (6 - 13) + 2 - (10 - 10).
-5
What is the value of -3 + 1 - -2 - (-15 - -9)?
6
Calculate 2 + -3 + -2 + 4.
1
What is the value of -7 + 3 - (-3 - -3)?
-4
What is the value of 2 + 11 + -6 - 6?
1
What is the value of -7 - 1 - (-5 + 2)?
-5
What is the value of -3 + (-4 - -1) + 5 + 6?
5
Calculate 14 + -7 + (6 - (5 + 0)).
8
Calculate 5 + -8 + (1 - (3 + -1)).
-4
What is the value of -1 - (-15 + 1 + (1 - -4))?
8
Evaluate 1 + -4 + 5 - 2.
0
Calculate (20 - 6 - 16) + 1 + 2.
1
Calculate 4 + 0 + (1 - -1 - 1).
5
Calculate 7 + -3 + -3 - (2 + 1).
-2
What is -1 + -2 - (-33 + 33)?
-3
(-1 - 3) + 3 - (-1 + -3)
3
-1 - ((-4 - 5) + 3)
5
Calculate 7 - ((-6 - -2) + (-3 - -4)).
10
What is (2 - 3) + (-2 - -8)?
5
What is -1 - (0 + 6) - (2 - 5)?
-4
What is -6 - ((-17 - 0) + 3 + 3)?
5
Evaluate -16 + (18 - 0 - 8).
-6
What is 4 + -9 + 3 + 4 + 4?
6
Evaluate 8